 be the third derivative of -f**5/30 + 13*f**4/8 - 59*f**3/6 + f**2 + 5*f + 57. What is k(18)?
-5
Suppose -11*i + 6*i + 30 = 0. Let x be 5*5*12/150. Let a be (12/36)/(x/i). Let k(l) = 10*l**3 - l**2 + l - 1. What is k(a)?
9
Let m be (0 - -1103) + 18/(-18). Let f(l) = -1104*l + 1 - m*l + 2207*l. Let t = -9 - -4. Give f(t).
-4
Let p = -230 - -248. Suppose -3*t - 34 = -3*z - 40, z - p = 5*t. Let a(b) = 8*b**2 - 2 + 5*b**2 - 6*b**2 + b**3. Calculate a(z).
-2
Suppose -7*u - 2*u - 1676 + 1748 = 0. Let s(x) = -x. Let z(a) = -17. Let r(q) = -2*s(q) + z(q). What is r(u)?
-1
Let z(d) = -2*d**2 - d - 1. Let v = -516 + 513. Let r(h) = -h**3 - 15*h**2 + 9*h - 4. Let n(p) = v*z(p) + r(p). Calculate n(-10).
-21
Let i(y) = -3*y**2 - 29*y + 3. Let t be 15288/(-1617) - (-12)/(-22). Calculate i(t).
-7
Let t(d) = -47*d**2 + 86*d**2 + d**3 + 2*d - 36*d**2. Suppose -40 = -2*y - v - v, -3*v - 68 = -5*y. Suppose 8*a - 4*a + 5*z + 37 = 0, -2*a - y = 2*z. Give t(a).
-6
Let u be (1038/(-10))/(-3) - 104/(-260). Suppose -19*d = -u*d - 128. Let o(p) = -p - 1. Let v(b) = -3*b - 1. Let r(z) = 4*o(z) - v(z). Determine r(d).
5
Let f(w) = w - 6. Suppose -10*x + 24*x = 10*x - 44. Determine f(x).
-17
Let v(k) be the first derivative of k**2/2 + 10*k - 1. Let x(m) = 150*m - 907. Let r be x(6). What is v(r)?
3
Let t(v) = -6450*v + 2141*v + 2153*v + 2159*v + 16. Let d = 29 - 42. Determine t(d).
-23
Let w be (120/(-18) + 6)*36/2. Let j be 2 + (-8)/w*(-3)/2. Let g(u) = 2*u + 3*u**2 + j + u - 13*u**2 + u**3 + 6*u**2. Determine g(3).
1
Let z(w) = 3*w**3 + w**2 + 8*w - 13. Let o(l) = -8*l**3 - 2*l**2 - 17*l + 28. Let h(y) = -2*o(y) - 5*z(y). Give h(2).
1
Let q(n) = 277 - 36 - 7*n - 8 - 4*n + 15. Determine q(22).
6
Let g be (-4)/(-14) + 110/7. Let z be g/20*(-10)/2. Let k(u) = -u**2 - 4*u + 3. Let d be k(z). Let m(f) = f**3 - 2*f**2 - 3*f - 1. Calculate m(d).
-1
Let i(y) = 2*y**2 - 27*y + 89. Let q be (-24)/20 - (615/30)/((-15)/6). Calculate i(q).
-2
Let c(g) be the third derivative of -g**5/60 - g**4/3 + 5*g**3/3 + 1664*g**2. Give c(-8).
10
Let n = 43 - 41. Let f(t) = 3 - n - t**3 + 2*t + 0*t + t**2 - t**3. Let k = -185 + 183. Give f(k).
17
Suppose 4*u + 24 = 4. Let y(l) = 3*l**2 + l. Let i(n) = 8*n**2 + 6*n. Let r(h) = 2*i(h) - 5*y(h). Calculate r(u).
-10
Let c(x) = -11*x - 7*x + 11*x - 27. Let z be c(-5). Let o be 1*-1*(1 + -2 + z). Let j(g) = -g**3 - 7*g**2 - g + 3. Give j(o).
10
Let p(f) be the second derivative of 11*f**4/12 + 2*f**2 + 11*f. Let s(l) = 10*l**2 + 3. Let m(v) = 4*p(v) - 5*s(v). Determine m(-1).
-5
Suppose -35 = -5*x - 5*s, -s + 21 = 3*x - 3*s. Suppose -62 = x*u - 27. Let v(b) = -b**2 - 6*b + 4. Give v(u).
9
Let n(z) be the third derivative of z**5/30 + 3*z**4/4 + 3*z**3/2 + 549*z**2. Give n(-7).
-19
Let o(h) be the third derivative of h**6/120 - 7*h**5/60 + 3*h**4/8 + 93*h**2. Suppose -22 = -9*t + 32. Give o(t).
18
Suppose -117*l = -121*l + 44. Let b(p) = 20*p - 22*p - l + p. Calculate b(-10).
-1
Let m(s) = -s**2 + 13*s - 2. Let x(k) = -2*k**2 + 20*k - 3. Let v(h) = -5*m(h) + 3*x(h). Let q be 0 - 18/(2 + 1). Calculate v(q).
-5
Let g(j) be the first derivative of 23*j**2/2 - 47*j - 1376. Calculate g(3).
22
Let f(k) = k - 8. Let c = 144 + -141. Let x(y) = -7. Let v(t) = c*f(t) - 4*x(t). Determine v(-6).
-14
Let q(i) = i**3 + 7*i**2 - 5*i + 20. Let t be (816/68)/(2/6*(-117)/26). Determine q(t).
-4
Let v(l) = -l + 25. Let f be v(23). Let s(d) = 37 - d - 4*d**2 + 35 + d**f - 70. Calculate s(2).
-12
Let k(t) be the third derivative of -t**6/60 + t**5/15 - t**4/24 - t**3/3 + 9*t**2. Let g(r) = -19*r + 21. Let a be g(1). Determine k(a).
-4
Let n(r) = 8*r + 8. Let a = 5622 + -5619. What is n(a)?
32
Let c = -4 + 2. Suppose 3*q - 351 = 2*j + 558, 4*j = -4*q - 1868. Let p be c/(-5) - j/70. Let g(n) = -n**3 + 7*n**2 - 2*n + 4. Determine g(p).
-10
Let a(f) = 2*f**2 - 9*f + 1. Let d(k) = -k**3 - 4*k**2 + 34*k - 8. Let t be d(-9). Let h = 97 - t. What is a(h)?
19
Let d(y) be the first derivative of -y**7/840 - y**6/72 + y**5/20 - y**4/6 + 134*y**3/3 - 101. Let i(f) be the third derivative of d(f). Determine i(-6).
-4
Let u(c) = -c**2 + 4*c + 18. Let r = 7803 - 7806. Determine u(r).
-3
Let n(d) = 23*d - 13. Let c = -2933 - -2934. Determine n(c).
10
Let c(t) = t**2 - 88*t + 496. Let r = 28439 + -28433. Give c(r).
4
Let u(f) = f**3 + 11*f**2 - 29*f - 27. Let r = -9236 + 9223. Calculate u(r).
12
Let t(h) be the first derivative of -h**3/3 - 7*h**2/2 + 11*h + 17. Suppose -6763*i + 50 = -6768*i. Determine t(i).
-19
Let y(z) = z**2 + 2*z - 3. Let s = 63 + -60. Suppose 25 = -s*b + 34. Suppose 5*g = 15, -5*g + 17 = b*j - 4. Give y(j).
5
Let v be ((-266)/(-120))/7 - (-1)/(-15) - (-30)/8. Let b(x) be the third derivative of x**3 - 1/12*x**4 + x**2 + 0 + 0*x. Determine b(v).
-2
Let u(g) = 3*g + 8. Let q(a) = 9*a**2 + 649*a + 64. Let f be q(-72). Determine u(f).
-16
Let s = -7245 + 7241. Let r(z) = -z**3 - 3*z**2 - z**2 + 4*z - 6 - 9*z. Calculate r(s).
14
Let m be -4*(9/36)/((-5)/(0 - -5)). Let i(o) = -14*o - 6. Give i(m).
-20
Let c = 16 - 13. Suppose 2*h = -5*z + 39, 3*h = c*z + 2*z - 4. Suppose 0 = a - 0*a + h. Let p(b) = -b**2 - 8*b - 1. What is p(a)?
6
Let k = 59 + -57. Let q(n) = 87*n**3 - 5 - 86*n**3 + n**k + 3. Determine q(0).
-2
Let w(l) = 5*l**3 - 70*l**2 + 39*l - 348. Let x(h) = -3*h**3 + 46*h**2 - 26*h + 232. Let o(u) = 5*w(u) + 8*x(u). Calculate o(-19).
2
Let y = 7088 - 7085. Let o(h) be the second derivative of h**4/12 - 2*h**3/3 + h**2 - 2*h. What is o(y)?
-1
Let u(g) = -g**3 + 13*g**2 - 6*g + 26. Let j be u(13). Let t be ((-13)/26)/(2/j). Let p(r) = 2 - 5 - 13*r + r**2 + t*r. Give p(3).
6
Let j(h) = 9*h**2 + h. Let c be (0 + 1)/((-7)/(-105)*5). Suppose 0 = c*p - 15, 3*x + 2*x = -2*p + 55. Suppose -r + x = 8. What is j(r)?
10
Let n(m) = -82*m. Let r be 6*(13 - 539/42). Determine n(r).
-82
Suppose 2*z = 4*f - 18, f - 13*z = -8*z + 27. Let q(w) = -3*w - 2 - 1 + 6 + 1305*w**f - 1300*w**2 + 0*w**3 - w**3. Calculate q(4).
7
Let c be (2/(-13))/((-7)/(-1820)*-20). Let l(h) = 2*h + h**2 + 2*h**2 - 4*h**2. Calculate l(c).
0
Let f(j) = -2*j - 15. Let m be (-2)/9 - (-116)/36. Suppose m*y = -y - 60. Determine f(y).
15
Let v(h) = -h**2 + 6*h + 6. Suppose -11*t + 321 = 2081. Let o = t - -165. What is v(o)?
11
Let u(z) = z**2 + z - 5. Let p(a) = -a**3 - 8*a**2 + 22*a + 45. Let g(l) = p(l) + 6*u(l). Give g(-6).
-9
Suppose 2*i + 193 = 177. Let h(n) be the third derivative of n**6/120 + 2*n**5/15 + n**4/12 - n**3/2 + 4*n**2. Calculate h(i).
-19
Let r(p) = -403*p + 5 + 1205*p - 399*p - 404*p. Determine r(-7).
12
Let j(t) = 9*t + 10. Suppose p = -2*h - 15, 0 - 21 = p + 5*h. Determine j(p).
-89
Let g be ((-2)/6)/(1/(-15)). Suppose -f - 3 = 2*p, -g*p = -2*f - f + 24. Let q(u) be the third derivative of u**4/8 + 2*u**3/3 - 6*u**2. Determine q(p).
-5
Suppose 0 = -5*h + 6 + 4, 4*p - 72940 = 2*h. Let u(o) = 2 + o**3 - 7*o**2 - 6 + p*o - 18231*o. Determine u(7).
31
Let s(o) = -9*o**2 - o. Let r(g) = 127. Let j(z) = -2*z + 127. Let q(v) = 3*j(v) - 4*r(v). Let i be q(-21). Give s(i).
-8
Suppose -g - 34 = 16*g. Let j be 8/12*(21/(-6) - g). Let z(m) be the first derivative of -m**3 + m**2 + m + 1. Calculate z(j).
-4
Suppose 0 = -5*z + 15, 4*z - 33 = 4*i - 5. Let a(c) = -2*c + 9. Determine a(i).
17
Let g(r) = 3*r**2 + 1 + 2*r - 5 + 0 + 1. Let x(p) = 2*p**2 + p - 1. Let i(u) = -3*g(u) + 5*x(u). Let b(k) be the first derivative of i(k). Calculate b(-3).
-7
Let q(x) = x**2 + 6*x - 44. Let t = 4655 + -4665. What is q(t)?
-4
Let n(t) = 92*t + 2. Let f be n(0). Let l(y) be the third derivative of y**5/30 - 5*y**4/24 + 5*y**3/6 - 13*y**2. Determine l(f).
3
Let d(b) = 163*b + 3. Let j(y) = -98*y - 2. Let f(p) = -3*d(p) - 5*j(p). Suppose 0 = 3*n + n + 24. What is f(n)?
-5
Let b(f) = f + 1. Let y be 4/5*(-60)/(-24). Let z be b(y). Let o(p) = 4 + z*p - 2*p - 3 - 4. What is o(7)?
4
Let b(a) be the first derivative of 19*a**2/2 + 784*a + 2962. What is b(-41)?
5
Let y(d) = 4*d + 7. Let n be y(0). Let r(g) = -3 - 6*g + 4*g**2 - 5*g**2 - n*g + 4*g. Give r(-7).
11
Let h(y) = 0 + 2*y - 4*y**2 + 4*y**2 + 8 + 6*y**2 + y**3. Let b be h(-6). Let t(k) = 4*k + 3. Give t(b).
-13
Let u(o) = 2*o**3 - 6*o**2 + 8*o + 2. Let j(n) = -n**3 + 3*n**2 - 4*n - 1. Let s(t) = -9*j(t) - 4*u(t). Let f = 27803 - 27799. Calculate s(f).
33
Suppose 128